ors of n?
5
Suppose -28 = -4*s + 20. List the prime factors of s.
2, 3
Suppose s + 4*s = 25. Suppose -5*a - 2*q = -q - 123, s*a = -5*q + 135. Suppose a = -4*d + 72. What are the prime factors of d?
2, 3
List the prime factors of 94/4 + (-21)/(-14).
5
Let n(q) be the first derivative of 15*q**2/2 + 2*q + 1. List the prime factors of n(1).
17
Suppose 0 = -8*s + s + 182. What are the prime factors of s?
2, 13
Let c be (-2 + (-5)/(-2))*0. Suppose -4*i - i - 5*r + 85 = c, -5 = -r. What are the prime factors of i?
2, 3
Let r = -23 + 82. What are the prime factors of r?
59
Let i(a) = a**3 - a**2. Let d be i(2). Suppose -16 = 2*y - d*y. What are the prime factors of y?
2
Let f = -169 + 309. List the prime factors of f.
2, 5, 7
Suppose c - 2 + 7 = 0. List the prime factors of (-1)/1*(1 + c).
2
Suppose 2*s = 55 + 179. List the prime factors of s.
3, 13
Let b(w) = 2*w**2 + 8*w - 4. Let x be b(-8). Suppose x = -3*t + 5*t. What are the prime factors of t?
2, 3, 5
Suppose 0 = -3*s - 15 - 6. List the prime factors of (-2)/s + 1260/49.
2, 13
Let p(j) = 14*j + 5. List the prime factors of p(13).
11, 17
Suppose -s = -3 - 39. What are the prime factors of s?
2, 3, 7
Suppose 0 = 2*v + 4*a - 10, -2*a - 3*a = -2*v + 1. Suppose 0 = 2*b - v*b + 23. List the prime factors of b.
23
Let n(z) = 2*z - 8. Let o be n(6). Let u be (-6)/2 - (-6 - -7). What are the prime factors of o*(0 - 2/u)?
2
Let z(n) = n**3 + 6*n**2 - 2*n - 6. Let r = -7 - -9. Let j(i) = -2*i - 2. Let f be j(r). List the prime factors of z(f).
2, 3
Let o(y) = 2 - 6 - 6*y**2 + 8*y - 1 + y**3. What are the prime factors of o(5)?
2, 5
Let r(k) = k**2 + 6*k - 10. List the prime factors of r(5).
3, 5
Let v = 11 - 1. Let b = v - 1. Suppose 3*n - b = 12. What are the prime factors of n?
7
Let z(b) = 20*b**2 - 2*b - 1. Let v(k) = -2*k + 11. Let l be v(6). List the prime factors of z(l).
3, 7
Let v = 113 + 21. What are the prime factors of v?
2, 67
List the prime factors of 0 + 38 - (-19 - -19).
2, 19
Suppose 0 = -5*r + 5 + 15. Let g(c) = c**3 + 2. Let y be g(0). Suppose y*m = r - 0. What are the prime factors of m?
2
Let o(c) = c**2 + 6. Let u be o(9). Suppose -2*r = 2*d + 13 - 35, -5*d + 3*r = -u. List the prime factors of d.
3, 5
Let u(z) be the third derivative of -z**4/6 - z**3/2 - 4*z**2. What are the prime factors of u(-6)?
3, 7
Let z(l) = 7*l**3 + l**2 + 2*l - 3. What are the prime factors of z(2)?
61
Let z(v) = -1. Let d(b) = -b + 5. Let j(k) = -d(k) - 5*z(k). Let l(q) = -q**2 - 2. Let t(f) = 5*j(f) - l(f). What are the prime factors of t(-5)?
2
Let k(o) = 3*o**3 + o**2 - o + 1. List the prime factors of k(2).
3
Suppose 3*v - 1 = 7*v - 3*n, 3*v = n + 3. Suppose t - s - v = 0, -s - 3*s = -3*t + 9. What are the prime factors of 0 + -14*t/2?
7
Suppose -4*j + a + 12 = -4*a, -5*j = -3*a - 2. Let g be 2/(-5) - (-4)/10. Let n = g - j. List the prime factors of n.
2
Suppose -4*m - 24 = -i + 2*i, m + 13 = -2*i. Let x be (i - -4)*(2 + -1). Suppose c - 20 = -5*u - x*c, 5*u - 40 = -5*c. What are the prime factors of u?
3
Let t(r) = r**2 - 3*r - 7. Suppose -7*k = -2*k - 30. Let x = 0 + k. List the prime factors of t(x).
11
Let d = 21 - 13. Suppose -3 = -m + d. List the prime factors of m.
11
Let t = 160 + -109. What are the prime factors of t?
3, 17
Let d be (-45)/(-6)*12/5. List the prime factors of (5 + -1)*d/8.
3
Let w be ((-3 - -3) + 0)*1. Let b be -2 - ((w - -1) + -5). Suppose -4*r - 3*l + 31 = 0, 0 = -7*r + 2*r + b*l + 10. List the prime factors of r.
2
Suppose -22 + 2 = -5*f. Suppose 3*r - 3*p = 22 + 26, -f*p = 4*r - 32. List the prime factors of r.
2, 3
What are the prime factors of (-2)/5 + (-1360)/(-25)?
2, 3
Suppose l - 26 + 16 = 0. Suppose 28 = u + l. What are the prime factors of u?
2, 3
Let k = -11 - -50. What are the prime factors of k?
3, 13
Suppose -s = -r - 6*s - 7, -4*r - 5*s = -2. Suppose 4*c - 4*n - 36 = 0, -4*c + 6*n - r*n + 40 = 0. What are the prime factors of c?
13
Suppose -2*v = -5*r - 31 + 7, -3*v = -4*r - 43. List the prime factors of v.
17
Suppose -3*s + k = 19, 0 = s - 6*s - 4*k - 9. Let j = s - -11. List the prime factors of j.
2, 3
Suppose -1 - 1 = -q. What are the prime factors of 8 + -8 + 4/q?
2
Let n(j) = -j**3 + 18*j**2 + 11*j + 9. List the prime factors of n(18).
3, 23
Let y = -136 - -196. What are the prime factors of y?
2, 3, 5
Let b(y) = y**2 - 5*y + 2. Let r be (-1)/(((-4)/5)/4). Let z be b(r). Suppose -4 = -z*j + 16. What are the prime factors of j?
2, 5
Let h(v) = v**3 - 3*v**2 + 2*v - 4. Let f be h(3). Let x(a) = -4*a**2 + 5*a**f + 5 - 10*a + 3*a. What are the prime factors of x(8)?
13
Let b(l) be the third derivative of l**6/120 - l**5/20 + l**4/6 - 2*l**2. Let w(z) = -3*z - 3. Let k be w(-2). List the prime factors of b(k).
2, 3
Let y be (6/(-5))/((-12)/40). List the prime factors of 2/y*(-5 - -87).
41
Suppose 0 = -3*h + 6. List the prime factors of h.
2
Let m be ((-6)/(-4))/((-1)/2). Let l(s) = s**2 - 3*s + 3. What are the prime factors of l(m)?
3, 7
Let u(x) be the third derivative of -x**4/24 - 3*x**3/2 - 3*x**2. Let c be u(-10). List the prime factors of (19/(-2))/(c/(-2)).
19
Suppose 18 = 3*r + 4*v, -r + 6*r = -3*v + 19. Suppose -10 = -r*x + 24. What are the prime factors of x?
17
Let g = 1 - 1. Suppose -40 = -5*s - g*s. List the prime factors of s.
2
Suppose 5*l - i - 12 = 0, 16 = 4*l + l - 3*i. Let k(j) = 2*j**2 - 3*j + 2. List the prime factors of k(l).
2
Suppose 7*j + 10 = 2*j. Let b(n) = -n**2 - 6*n - 3. List the prime factors of b(j).
5
Suppose 3*m + 58 = 4*o + 5*m, 5*o - 5*m = 65. Suppose 3*n + n = 104. Let h = n - o. What are the prime factors of h?
2, 3
Let p be ((-132)/(-48))/((-1)/(-24)). Let s = -38 + p. What are the prime factors of s?
2, 7
Suppose 0 = b - 2 + 1. Let o be (-23)/(-5) - 2/(-5). Let s = b + o. What are the prime factors of s?
2, 3
Suppose 2*d - 2*y = 20, -5*d + 0*y + 35 = -2*y. Let m(n) = 1. Let q(v) = 2*v + 6. Let b(g) = -10*m(g) + q(g). What are the prime factors of b(d)?
2, 3
Suppose 35 = -3*b + 197. What are the prime factors of b?
2, 3
Let q = -2 - 8. Let p be (-9)/(-15) - (-66)/q. What are the prime factors of ((-42)/15)/(p/15)?
7
Let j(q) = 17*q - 2. Let s be j(2). Let f(o) = o**2 - 3*o - 5. Let m be f(-4). Let y = s - m. What are the prime factors of y?
3
Suppose -z - 2 = -4*b, -3*z - 2*z = -b - 9. Let n = b - -18. What are the prime factors of n?
19
Suppose -5*c + 2*c + 195 = 0. Let b = 44 - c. List the prime factors of 68/7 + (-6)/b.
2, 5
Suppose -x = -2*s + 13 - 55, 5*s = -5*x + 240. List the prime factors of x.
2, 23
Suppose 3 = -3*d, 2*d + 3 = 2*t - 3. What are the prime factors of t?
2
Let a = -22 + 31. Let t = a + -1. Let y(p) = -p**2 + 8*p + 8. What are the prime factors of y(t)?
2
Suppose 4*s + 7*r - 4*r - 28 = 0, 5*s - 4*r = 35. What are the prime factors of s?
7
Suppose 5*o - 82 = 3*o. What are the prime factors of o?
41
Let w = -26 + 29. Let c be (-5 + -1)/(2/(-2)). Let q = c - w. What are the prime factors of q?
3
Suppose 0 = -0*g + g - 29. What are the prime factors of g?
29
Let s = -4 - -6. Suppose 4*r - 21 = -3*a, 0 = -2*r - s*a + 19 - 7. Suppose l = -r*x + 34, -2*x + 7*x - 58 = -3*l. What are the prime factors of x?
11
Let q be 0/(-2) + 2*-3. List the prime factors of (4/q)/((-3)/36).
2
Suppose -n + 3*m + 58 = 0, -n - 5*m + 7 = -19. List the prime factors of n - -1 - 0/(-1).
47
Suppose 4*d = 29 + 3. Let r = 20 - d. Let f = -6 + r. List the prime factors of f.
2, 3
Suppose -698 = -5*a + 407. List the prime factors of a.
13, 17
Let n = 9 - 9. Suppose 4*c - 144 = -n*c. Let w = c + -25. List the prime factors of w.
11
Let i(p) be the first derivative of -p**2/2 + 2*p + 3. Let z be i(0). Suppose -3*k = -z*k - 7. What are the prime factors of k?
7
Let i = -1 + 1. Suppose -c = -4*b, i = -c + 6*c + 3*b - 92. List the prime factors of (-3)/(42/c - 3).
2
Let t(s) = 3*s**3 + 10*s**2 - 10*s + 1. Let i(y) = 10*y**3 + 31*y**2 - 31*y + 3. Let j(c) = 2*i(c) - 7*t(c). List the prime factors of j(-9).
2
List the prime factors of 8/28 - -2*(-538)/(-7).
2, 7, 11
Suppose 4*c - 8 = 3*h, -4*c - 4 = h + 4. List the prime factors of 8/c*(3 + -4).
2
Let p be 1/2 - 9/(-2). Let t = -6 + 15. Let v = t - p. List the prime factors of v.
2
Let p = 118 + -82. Let u = -18 + p. List the prime factors of u.
2, 3
List the prime factors of ((-4)/(-2